2 - (5/(210/(-24)))/((-5)/35). Let u(f) = -16*f - 10. What is u(v)?
22
Let f(l) = -2*l**3 - 5 + 135*l**2 - 42*l**2 + 9*l - 52*l**2 - 1 - 34*l**2. Calculate f(5).
-36
Let q(n) be the third derivative of 1/12*n**4 - 1/3*n**3 + 2 + 7*n**2 + 1/30*n**5 + 0*n - 1/120*n**6. Suppose 2*w + 10 = l + 2*l, l = 5*w + 12. Give q(l).
2
Let q = 948 + -958. Let u(w) be the first derivative of -13*w - 6*w**2 - 1/3*w**3 + 8. Calculate u(q).
7
Let k = 11528 + -11525. Let q(o) = o**3 - 4*o**2 + 3*o + 10. Determine q(k).
10
Let q(r) = r**2 + 3*r - 7. Let n(m) = -2*m. Let z be n(-1). Suppose -x + o = -5*x - 22, -3*x - z*o - 19 = 0. What is q(x)?
3
Let u be 2 + (-2 - (-3 - -1)). Let q(i) be the third derivative of i**4/8 + i**3/6 - i**2 - 784. Determine q(u).
7
Let a(v) be the second derivative of v**5/20 + 5*v**4/12 - v**3/6 - 2*v**2 + v. Suppose 78*o + 284 + 12 = -16. Calculate a(o).
16
Let v(q) = 2*q + 10. Let h be ((-4 - -1) + -1)/((-3)/9). Suppose -58 - h = 7*x. Calculate v(x).
-10
Let m(v) be the second derivative of -32*v**3/3 - 216*v**2 + 8028*v. Determine m(-7).
16
Let p(f) = -f**2 - 6*f + 3. Suppose -a - 3*x + 36 = 32, -60 = 5*a - 5*x. Calculate p(a).
-13
Let m(q) = q**3 + 23*q**2 - q - 14. Let r be m(-23). Suppose -20 = -r*h - 2. Let k(i) = 2*i + 13*i**2 - h - 5*i - 14*i**2 - 1. Determine k(-2).
-1
Let q(g) = -g**2 - 8*g - 10. Suppose -5*t = -7*t + 2*j + 28, 0 = j - 1. Suppose 27 = -6*m - t. What is q(m)?
-3
Let z be ((-3105)/(-33))/5 + (-12)/(-66). Suppose -z*t + 5*t = -84. Let x(j) = j - 8. Calculate x(t).
-2
Let a(f) be the first derivative of -5*f**4/4 - 3*f**2/2 - 4*f + 1283. Calculate a(-1).
4
Let d(v) be the second derivative of 0*v**2 + 0 - 1/3*v**3 + 58*v. Give d(-9).
18
Let s be -1*2 - (38 - 8). Let a = s - -35. Suppose 4*i - 6 = a*o, -i = 4*i + o - 17. Let p(r) = -3*r - 1. Calculate p(i).
-10
Let l be 17/((-595)/42)*-10. Suppose -19*b = -23*b - l, -d - 3*b = 2. Let y(o) = o**3 - 6*o**2 - 5*o - 5. Calculate y(d).
9
Let f(p) = -3*p**2 - 70*p + 46. Let j be f(-24). Let v(y) = 13*y + 3. Calculate v(j).
-23
Suppose -4*i + 19 = 43. Let c = 11 - 8. Let z(a) = c + 22*a**2 - 1 + 7*a - 21*a**2. Give z(i).
-4
Let m(a) = -a**2 + 5*a + 1. Let g(f) = -6*f**2 + 35*f + 19. Let j(o) = g(o) - 5*m(o). Determine j(9).
23
Let f(u) be the first derivative of u**4/4 + 4*u**3 + 5*u**2 - u + 3. Suppose -2*n + w - 26 = 0, -4*w = n - 12 + 7. Determine f(n).
10
Let h(k) be the third derivative of k**5/60 + 7*k**4/4 + 4*k**3/3 - 19*k**2 + 3*k. Determine h(-42).
8
Let c = 3812 - 3809. Let i(s) be the second derivative of 1/12*s**4 - 5/2*s**2 + c*s + 0 + 2/3*s**3. Determine i(-5).
0
Let v(z) be the first derivative of z**6/120 - z**5/10 - z**4/24 - 4*z**3/3 - 13*z**2/2 - 5*z - 12. Let f(y) be the second derivative of v(y). Determine f(6).
-14
Let w(x) be the third derivative of -x**6/40 - x**5/10 - x**4/24 + x**3/2 + 3140*x**2. Calculate w(-2).
5
Let r be 8/6 + (-70)/(-15). Suppose 4*q - 2*z - r = 0, -z = 2*q + 4*z + 15. Let y(k) = q*k**3 - k**3 - k**2 - 14 - 2*k**2 + 15 + 2*k. Give y(2).
-15
Let f = -18 + 23. Let r(p) = -f + 5*p - 3*p - 2*p - 2*p. Let b be 2/(-4)*(-4 - -17 - 5). Calculate r(b).
3
Let h(b) be the third derivative of -b**6/120 - 7*b**5/15 + 31*b**4/24 + 10*b**3 - 87*b**2. Let f be h(-29). Let m(p) = -p**3 + p**2 + 3*p - 1. Calculate m(f).
1
Suppose -3717 = 69*w - 3579. Let d(h) = 2 + 2*h - 4*h**2 - 3 + 2. Calculate d(w).
-19
Let v(c) = c**3 + c**2 - 1. Let h(m) = -7*m**3 - m**2 - 2*m + 3. Let o(l) = -h(l) - 6*v(l). Let p be 8/3 + 3/9. Give o(p).
-9
Let c(t) = 4*t**3 - 11*t**2 + 5*t. Let i(h) = -5*h**3 + 12*h**2 - 5*h + 1. Let n(b) = -4*c(b) - 3*i(b). Give n(6).
39
Let b = -353 - -352. Let r(a) = -2 + 1 + 48*a - 134*a + 37*a + 37*a. Determine r(b).
11
Let p(a) = 20*a**3 + 41*a**2 + 23*a + 6. Let s(m) = 11*m**3 + 21*m**2 + 12*m + 4. Let k(u) = 6*p(u) - 11*s(u). Give k(15).
82
Let c(f) = -f**2 - 2*f - 3. Let m(j) = 2*j**3 + 15*j**2 + 5*j + 16. Let l(o) = 7*c(o) + m(o). Determine l(-5).
-10
Let i(c) = 3*c + 8. Let v(d) = -2*d. Let p(q) = -5*q + 1. Let m(y) = -2*p(y) + 6*v(y). Let h(f) = -i(f) - 4*m(f). What is h(1)?
5
Let k(n) = -n**2 + n + 15. Let f be k(5). Let l be (-1)/(f/(0 - 5)). Let g(v) = 20*v**2 + v - 16*v**2 - 1 + 2. Give g(l).
4
Let y(v) = -17*v**3 + 8*v**2 - 7*v - 16. Let w(b) = 122*b**3 - 57*b**2 + 49*b + 113. Let g(d) = 6*w(d) + 43*y(d). What is g(3)?
14
Let w(d) = -d - 4. Let l be (-1 + 7/2)*(-24)/(-30). Suppose 9*b - l*y = 8*b + 2, -5 = b + 5*y. Calculate w(b).
-4
Let z = 61 - 55. Suppose 2*o - 32 = -z*o. Suppose 12 = -o*y - 4, 1 = -d - y. Let a(s) = -s**2 + 3. What is a(d)?
-6
Let x(t) = -3 - 2*t**2 - 7*t**3 - t + t**2 + 2. Let o be (-9)/24*(-2)/(-3)*(-116)/(-29). Calculate x(o).
6
Let b(x) = -x**2 + 0*x**2 + 3*x**2 + 7 - 6*x. Let k be 31 - (0 - 1161/(-43)). Calculate b(k).
15
Let h(f) = 10*f. Suppose 88*a - 1 = 87*a - w, -2*a + 5*w - 5 = 0. Calculate h(a).
0
Let i(w) = 3*w + 12. Let q be i(-3). Suppose q*f + 0*f - 27 = 0. Let h be 1*f/(-6)*2. Let x(l) = -2*l**2 - 3*l - 2. Calculate x(h).
-11
Let u(q) = -25*q**2. Let d(n) = 172*n + 102. Let z be d(-4). Let y = -587 - z. What is u(y)?
-25
Let i(z) = -14*z**2 - z - 1. Let g(m) = 55*m**2 + 15*m + 10. Let f(w) = g(w) + 4*i(w). Calculate f(12).
-6
Let z(p) = -p**3 - 6*p**2 + 6. Suppose -252 = w - 255. Suppose 2*q = -2*q. Suppose w*h = -18 - q. Determine z(h).
6
Let j be 0/((-18)/((-1512)/(-132)) + (-4)/(-7)). Let q(u) = 2*u**3 - u**2 - 4. What is q(j)?
-4
Suppose -3*g - 11 + 29 = -3*j, 4*j = 2*g - 12. Let h(i) = i**2 - 3*i - 8. Give h(j).
-8
Let r(w) = -w**2 - w - 4*w - 39 + 191 + 4*w. Let l be r(12). Let p(z) = -3*z + 3. Determine p(l).
15
Let z(d) be the third derivative of -d**6/240 - d**5/12 + 37*d**4/24 + d**3/6 + 176*d**2. Let x(v) be the second derivative of z(v). Give x(-6).
8
Let w = -31 + 21. Let x be 18/(-189)*-7 - (-28)/(-6). Let h be -12*x/40 - (-2)/w. Let b(o) = -10*o + 1. What is b(h)?
-9
Let y(l) = -2*l**2 - 41*l - 6. Let o = 13224 - 13244. Give y(o).
14
Let a be (-9 - (5 - 2))*-1. Let x(t) = 11*t**2 - a - 4*t**3 - 110*t + 100*t + 3*t**3. Determine x(10).
-12
Let a(b) = -2*b**2 - 6*b - 12. Let u(c) = c**2 + 58*c + 837. Let z be u(-29). Calculate a(z).
-20
Let m(o) = 79*o + 121. Let i = -639 - -652. Let s(d) = -13*d - 19. Let j(l) = i*s(l) + 2*m(l). Give j(-4).
39
Let p be 6/8*(3 - 7). Let t(b) = b**2 + 3*b + 3. Let x be t(p). Let h(q) = q**2 - 3*q + 1. Determine h(x).
1
Let u(q) be the second derivative of 0*q**2 + 0 + 13/6*q**3 - 1/120*q**5 - 25*q + 1/3*q**4. Let d(f) be the second derivative of u(f). What is d(9)?
-1
Let s(u) = -53 + 32 + 10*u**2 + 6*u + 24. Give s(-4).
139
Let z(m) = 66*m + 8 - 27*m - 8 + 14 - 34*m. Suppose -3*w + 4*t = 12, 4*w + 5*t = -w - 20. What is z(w)?
-6
Let i = 23 + -23. Suppose 5*g + 2 + 3 = i. Let m = -5 - g. Let r(l) = -l**2 - 8*l - 3. What is r(m)?
13
Let n(p) = 5*p**2 + 1 + 4*p + 2*p - 4*p**2. Suppose -29*w - 111 = -13*w + 21*w. What is n(w)?
-8
Suppose -6 = -2*g - 0. Let w(z) = 5*z**2 + 2*z + 1. Let u be 5/5 - 6 - (-19 - -3). Let q(m) = -28*m**2 - 9*m - 5. Let h(l) = u*w(l) + 2*q(l). What is h(g)?
4
Let d(y) = -y**3 + y**2 + y - 1. Suppose -2*h = -2, -2*u + 5*h - 28 = 3*h. Let j be (u/(52/(-16)))/4. Calculate d(j).
0
Let x(k) = k**3 + 6*k**2 - k + 27. Let f be 12/36*-12 + -3. Give x(f).
-15
Let g(i) be the second derivative of -11*i**4/24 + 47*i**2/2 + 5*i - 3. Let q(k) be the first derivative of g(k). What is q(-1)?
11
Let r(h) = h**2 + 1. Let p be (5/(-10))/(-2 - (-1060)/528). Let z = 63 + p. Give r(z).
10
Suppose -2*k - 7*a + 2*a + 196 = 0, -2*k - 3*a = -200. Let x(f) = -93*f**2 + 11*f + 197*f**2 + 1 - 3*f - k*f**2. Determine x(-7).
-6
Let g(m) = 14*m - 4. Suppose -3*u = -5*n + 22, 4*n + 5 = -3*u + 1. Give g(u).
-60
Let a(s) = -3*s. Let h(l) = 3*l - l - l. Let n(p) = -6*a(p) - 17*h(p). Let y = -13959 - -13967. Calculate n(y).
8
Suppose -38*u = 25*u - 378. Suppose 0 = -3*r - d + 14, 0 = 5*r + 4*d - 45 + 10. Let f(l) = 2*l - 7 + 2 - r. Calculate f(u).
4
Let b(o) = 7*o**2 + 20*o + 1. Let g(k) = 12*k**2 + 38*k + 3. Let m(l) = 7*b(l) - 4*g(l). Let h be 0 + 6/(-4) + (-116)/(-8). Determine m(h).
8
Let g(y) be the first derivative of y**2/2 + 2*y + 136. Let l be g(-6). Let x(t) = -6*t + 2. Let i(z) = -5*z + 2. Let j(o) = 4*i(o) - 3*x(o). Determine j(l).